5?
5
What is the highest common factor of 719 and 4511006?
719
What is the highest common factor of 133 and 129941?
133
Calculate the greatest common divisor of 52 and 1108588.
52
Calculate the highest common divisor of 324 and 9702.
18
Calculate the greatest common factor of 242 and 1016642.
242
What is the highest common factor of 431695 and 22?
11
What is the greatest common factor of 86 and 59?
1
What is the highest common factor of 3625 and 3770?
145
Calculate the greatest common factor of 544005 and 665.
35
What is the highest common factor of 26 and 2509?
13
Calculate the greatest common factor of 18487 and 156097.
139
Calculate the highest common divisor of 3502 and 272.
34
What is the greatest common divisor of 39465 and 1305?
45
What is the highest common divisor of 2366 and 5082?
14
What is the greatest common divisor of 536 and 35510?
134
What is the greatest common divisor of 1988 and 44588?
284
What is the highest common divisor of 4 and 322928?
4
Calculate the greatest common divisor of 275216 and 44.
4
What is the highest common factor of 1260 and 18396?
252
What is the greatest common factor of 28 and 130263?
7
Calculate the highest common divisor of 255 and 756738.
51
Calculate the highest common divisor of 250 and 150.
50
Calculate the greatest common divisor of 47820 and 1740.
60
Calculate the greatest common divisor of 272 and 12104.
136
What is the highest common divisor of 2115 and 30?
15
Calculate the highest common factor of 401 and 9153226.
401
What is the greatest common factor of 612 and 46920?
204
Calculate the greatest common divisor of 156 and 431379.
39
What is the highest common divisor of 11517 and 23342?
11
Calculate the highest common divisor of 524 and 1441.
131
What is the greatest common factor of 1254 and 708774?
66
What is the highest common divisor of 250 and 46225?
25
Calculate the greatest common divisor of 574420 and 2695.
385
Calculate the greatest common factor of 4036903 and 338.
169
What is the greatest common factor of 1705 and 13981?
341
Calculate the greatest common divisor of 15406 and 14.
2
What is the greatest common factor of 84 and 796068?
84
Calculate the greatest common divisor of 14 and 1654646.
14
What is the highest common factor of 14756 and 618884?
868
Calculate the highest common factor of 45787 and 6293.
217
What is the greatest common divisor of 60 and 652788?
12
Calculate the highest common factor of 111722 and 2366.
26
What is the highest common factor of 7272 and 1017?
9
What is the greatest common divisor of 71071 and 7?
7
What is the greatest common factor of 2844 and 93536?
316
What is the highest common divisor of 1322899 and 401?
401
What is the highest common factor of 25992 and 969?
57
What is the highest common divisor of 682 and 432760?
62
Calculate the highest common divisor of 186 and 1320879.
93
What is the highest common factor of 149922 and 144?
18
Calculate the greatest common divisor of 5282 and 22518.
278
Calculate the highest common factor of 260 and 296530.
130
What is the greatest common divisor of 107 and 723?
1
Calculate the greatest common factor of 23309 and 6149.
143
Calculate the greatest common divisor of 2656 and 2512.
16
Calculate the greatest common factor of 27290 and 730.
10
Calculate the greatest common divisor of 510 and 114495.
255
Calculate the highest common factor of 6136 and 8164.
52
What is the greatest common divisor of 463 and 2023773?
463
Calculate the greatest common factor of 38230 and 350.
10
What is the highest common factor of 13 and 7232498?
13
What is the highest common factor of 312205 and 85?
85
What is the greatest common factor of 187 and 599533?
11
What is the highest common factor of 963 and 909?
9
Calculate the greatest common factor of 786 and 605482.
262
Calculate the greatest common divisor of 61 and 152622.
61
What is the highest common divisor of 583731 and 4?
1
Calculate the greatest common factor of 20 and 174010.
10
Calculate the highest common divisor of 1331418 and 264.
66
What is the greatest common divisor of 155 and 98735?
155
Calculate the highest common divisor of 899 and 7730501.
899
What is the greatest common divisor of 557314 and 118?
118
What is the greatest common factor of 4851 and 279?
9
Calculate the highest common factor of 1581 and 372.
93
Calculate the greatest common factor of 20406 and 9937.
19
What is the greatest common divisor of 504 and 401256?
72
What is the greatest common divisor of 121495 and 77?
11
Calculate the highest common divisor of 11 and 77058.
1
What is the highest common divisor of 43 and 219386?
43
Calculate the highest common divisor of 531 and 131265.
9
Calculate the highest common divisor of 1533 and 1169.
7
Calculate the greatest common factor of 23064 and 26040.
744
What is the greatest common factor of 93 and 3078641?
31
Calculate the greatest common divisor of 113920 and 70.
10
What is the greatest common factor of 561195 and 15?
15
What is the highest common factor of 132 and 2688?
12
Calculate the greatest common factor of 1025 and 2009.
41
What is the greatest common factor of 8 and 15278?
2
What is the greatest common factor of 65805 and 60?
15
What is the highest common divisor of 4619 and 69583?
149
What is the greatest common divisor of 259 and 7104?
37
Calculate the greatest common factor of 14336 and 140.
28
What is the highest common factor of 1266 and 258?
6
What is the highest common divisor of 1395 and 2387?
31
Calculate the greatest common divisor of 2640 and 26070.
330
What is the greatest common divisor of 72144 and 1670?
334
What is the highest common divisor of 41 and 18?
1
What is the greatest common divisor of 2774 and 18392?
38
What is the greatest common divisor of 428 and 2362?
2
What is the greatest common divisor of 136 and 264384?
136
What is the highest common divisor of 2938 and 962?
26
What is the highest common factor of 1430740 and 80?
20
Calculate the greatest common divisor of 28341 and 5499.
423
What is the greatest common divisor of 5811 and 74373?
39
Calculate the highest common divisor of 21 and 1138620.
21
Calculate the greatest common divisor of 388078 and 174.
58
What is the highest common divisor of 184 and 9604?
4
What is the greatest common factor of 73112 and 8732?
148
Calculate the greatest common divisor of 1362 and 55374.
6
What is the greatest common divisor of 38 and 9095984?
38
Calculate the highest common factor of 224 and 77728.
224
What is the greatest common factor of 12814 and 3427?
149
Calculate the highest common divisor of 80 and 354440.
40
Calculate the highest common factor of 140 and 104615.
35
Calculate the greatest common divisor of 70 and 127778.
14
Calculate the greatest common divisor of 808893 and 54.
27
Calculate the highest common factor of 18034 and 19738.
142
Calculate the highest common divisor of 57 and 900429.
57
What is the greatest common divisor of 4930 and 3587?
17
What is the greatest common factor of 21 and 572817?
21
What is the highest common factor of 338756 and 44?
44
What is the greatest common factor of 228240 and 38160?
720
What is the greatest common factor of 33 and 35349?
3
Calculate the highest common divisor of 664 and 23572.
332
What is the greatest common divisor of 1219 and 32821?
23
What is the highest common divisor of 6912 and 2816?
256
What is the greatest common factor of 853905 and 1359?
453
Calculate the greatest common factor of 1979876 and 2071.
2071
What is the highest common factor of 2723312 and 80?
16
Calculate the highest common factor of 1188 and 6666.
66
Calculate the greatest common factor of 209 and 5824412.
209
What is the greatest common factor of 238 and 18683?
119
What is the greatest common factor of 96 and 609248?
32
What is the greatest common divisor of 4294 and 38?
38
Calculate the highest common divisor of 19364 and 64672.
188
What is the highest common divisor of 73 and 41756?
73
Calculate the greatest common factor of 43 and 111.
1
Calculate the greatest common factor of 14 and 77266.
14
What is the highest common divisor of 36 and 256276?
4
Calculate the greatest common factor of 161842 and 38.
38
Calculate the greatest common divisor of 752 and 17616.
16
What is the highest common factor of 111915 and 135?
135
Calculate the highest com